{"id":1519,"date":"2026-03-04T10:48:37","date_gmt":"2026-03-04T10:48:37","guid":{"rendered":"https:\/\/prismakollektiv.ch\/?page_id=1519"},"modified":"2026-03-04T15:38:13","modified_gmt":"2026-03-04T15:38:13","slug":"111_bildgalerie","status":"publish","type":"page","link":"https:\/\/prismakollektiv.ch\/index.php\/111_bildgalerie\/","title":{"rendered":"111_Bildgalerie"},"content":{"rendered":"<p>[et_pb_section fb_built=&#187;1&#8243; _builder_version=&#187;4.20.2&#8243; _module_preset=&#187;default&#187; background_color=&#187;#FFFFFF&#187; background_enable_image=&#187;off&#187; custom_margin=&#187;||||false|false&#187; scroll_vertical_motion=&#187;0|4|4|100|0|0|-10&#8243; collapsed=&#187;off&#187; global_colors_info=&#187;{}&#187;][et_pb_row column_structure=&#187;1_4,1_2,1_4&#8243; make_equal=&#187;on&#187; _builder_version=&#187;4.19.4&#8243; _module_preset=&#187;default&#187; width=&#187;100%&#187; max_width=&#187;1280px&#187; custom_margin=&#187;30px||||false|false&#187; custom_padding=&#187;|20px||20px|false|false&#187; custom_css_main_element=&#187;align-items: flex-end;&#187; border_radii=&#187;on|8px|8px|8px|8px&#187; global_colors_info=&#187;{}&#187;][et_pb_column type=&#187;1_4&#8243; _builder_version=&#187;4.17.6&#8243; _module_preset=&#187;default&#187; global_colors_info=&#187;{}&#187;][et_pb_image src=&#187;https:\/\/prismakollektiv.ch\/wp-content\/uploads\/2022\/05\/PR\u00b7SMA_Logotype_black.png&#187; title_text=&#187;PR\u00b7SMA_Logotype_black&#187; _builder_version=&#187;4.17.6&#8243; _module_preset=&#187;default&#187; global_colors_info=&#187;{}&#187;][\/et_pb_image][\/et_pb_column][et_pb_column type=&#187;1_2&#8243; _builder_version=&#187;4.17.6&#8243; _module_preset=&#187;default&#187; global_colors_info=&#187;{}&#187;][et_pb_text _builder_version=&#187;4.19.4&#8243; _module_preset=&#187;default&#187; custom_margin=&#187;||-12px||false|false&#187; global_colors_info=&#187;{}&#187;]<\/p>\n<div class=\"page\" title=\"Page 1\">\n<div class=\"layoutArea\">\n<div class=\"column\">\n<h1><span>Symbiosen von Tanz und Klang <\/span><\/h1>\n<\/div>\n<\/div>\n<\/div>\n<p>[\/et_pb_text][\/et_pb_column][et_pb_column type=&#187;1_4&#8243; _builder_version=&#187;4.17.6&#8243; _module_preset=&#187;default&#187; global_colors_info=&#187;{}&#187;][et_pb_menu menu_id=&#187;33&#8243; disabled_on=&#187;on|on|off&#187; _builder_version=&#187;4.19.4&#8243; _module_preset=&#187;default&#187; global_colors_info=&#187;{}&#187;][\/et_pb_menu][\/et_pb_column][\/et_pb_row][et_pb_row make_equal=&#187;on&#187; disabled_on=&#187;on|on|off&#187; _builder_version=&#187;4.19.4&#8243; _module_preset=&#187;default&#187; background_color=&#187;#FFFFFF&#187; width=&#187;100%&#187; max_width=&#187;1280px&#187; custom_margin=&#187;0px||0px||false|false&#187; custom_padding=&#187;0px|20px|0px|20px|false|false&#187; sticky_position=&#187;top&#187; sticky_offset_surrounding=&#187;off&#187; border_radii=&#187;on|8px|8px|8px|8px&#187; box_shadow_style=&#187;preset3&#8243; global_colors_info=&#187;{}&#187;][et_pb_column type=&#187;4_4&#8243; _builder_version=&#187;4.17.6&#8243; _module_preset=&#187;default&#187; global_colors_info=&#187;{}&#187;][et_pb_menu menu_id=&#187;34&#8243; active_link_color=&#187;#000000&#8243; menu_icon_color=&#187;#000000&#8243; _builder_version=&#187;4.20.2&#8243; _module_preset=&#187;default&#187; menu_font=&#187;|700|||||||&#187; menu_text_color=&#187;#000000&#8243; menu_font_size=&#187;20px&#187; text_orientation=&#187;justified&#187; global_colors_info=&#187;{}&#187;][\/et_pb_menu][\/et_pb_column][\/et_pb_row][et_pb_row make_equal=&#187;on&#187; disabled_on=&#187;off|off|on&#187; _builder_version=&#187;4.19.4&#8243; _module_preset=&#187;default&#187; background_color=&#187;#FFFFFF&#187; width=&#187;100%&#187; max_width=&#187;1280px&#187; custom_margin=&#187;0px||0px||false|false&#187; custom_padding=&#187;0px|20px|0px|20px|false|false&#187; sticky_position=&#187;top&#187; sticky_offset_surrounding=&#187;off&#187; border_radii=&#187;on|8px|8px|8px|8px&#187; box_shadow_style=&#187;preset3&#8243; global_colors_info=&#187;{}&#187;][et_pb_column type=&#187;4_4&#8243; _builder_version=&#187;4.19.4&#8243; _module_preset=&#187;default&#187; global_colors_info=&#187;{}&#187;][et_pb_menu menu_id=&#187;29&#8243; active_link_color=&#187;#000000&#8243; menu_icon_color=&#187;#000000&#8243; _builder_version=&#187;4.19.4&#8243; _module_preset=&#187;default&#187; menu_font=&#187;|700|||||||&#187; menu_text_color=&#187;#000000&#8243; menu_font_size=&#187;20px&#187; text_orientation=&#187;justified&#187; global_colors_info=&#187;{}&#187;][\/et_pb_menu][\/et_pb_column][\/et_pb_row][et_pb_row module_id=&#187;news&#187; _builder_version=&#187;4.20.2&#8243; _module_preset=&#187;default&#187; width=&#187;100%&#187; max_width=&#187;1280px&#187; custom_margin=&#187;||0px||false|false&#187; custom_padding=&#187;||0px||false|false&#187; global_colors_info=&#187;{}&#187;][et_pb_column type=&#187;4_4&#8243; _builder_version=&#187;4.17.6&#8243; _module_preset=&#187;default&#187; global_colors_info=&#187;{}&#187;][et_pb_text _builder_version=&#187;4.20.2&#8243; _module_preset=&#187;default&#187; custom_margin=&#187;24px||0px|24px|false|false&#187; custom_padding=&#187;||||false|false&#187; border_width_bottom=&#187;3px&#187; border_color_bottom=&#187;#000000&#8243; global_colors_info=&#187;{}&#187;]<\/p>\n<h1>Impressionen\u00a0aus\u00a01+1+1<\/h1>\n<p>[\/et_pb_text][\/et_pb_column][\/et_pb_row][et_pb_row _builder_version=&#187;4.20.2&#8243; _module_preset=&#187;default&#187; width=&#187;100%&#187; max_width=&#187;1280px&#187; custom_margin=&#187;0px||0px||true|false&#187; custom_padding=&#187;|0px|26px||false|false&#187; global_colors_info=&#187;{}&#187;][et_pb_column type=&#187;4_4&#8243; _builder_version=&#187;4.20.2&#8243; _module_preset=&#187;default&#187; global_colors_info=&#187;{}&#187;][et_pb_gallery _builder_version=&#187;4.27.4&#8243; _module_preset=&#187;default&#187; fullwidth=&#187;on&#187; hover_enabled=&#187;0&#8243; sticky_enabled=&#187;0&#8243; gallery_ids=&#187;1522,1523,1525,1524,1526,1527,1528,1529,1537,1536,1535,1534,1533,1532,1531,1530,1538,1549,1548,1547,1546,1545,1544,1543,1542,1541,1540,1539,1550,1561,1560,1559,1558,1557,1556,1555,1554,1553,1552,1551&#8243;][\/et_pb_gallery][\/et_pb_column][\/et_pb_row][et_pb_row _builder_version=&#187;4.20.2&#8243; _module_preset=&#187;default&#187; width=&#187;100%&#187; max_width=&#187;1280px&#187; custom_margin=&#187;-27px||-58px||false|false&#187; custom_padding=&#187;0px|0px|||false|false&#187; global_colors_info=&#187;{}&#187;][et_pb_column type=&#187;4_4&#8243; _builder_version=&#187;4.20.2&#8243; _module_preset=&#187;default&#187; global_colors_info=&#187;{}&#187;][et_pb_text _builder_version=&#187;4.20.2&#8243; _module_preset=&#187;default&#187; custom_margin=&#187;|20px|10px|20px|false|false&#187; custom_padding=&#187;30px||0px||false|false&#187; border_width_top=&#187;3px&#187; global_colors_info=&#187;{}&#187;]<\/p>\n<h3><\/h3>\n<p><span><strong><\/strong><\/span><\/p>\n<p>[\/et_pb_text][\/et_pb_column][\/et_pb_row][et_pb_row _builder_version=&#187;4.19.4&#8243; _module_preset=&#187;default&#187; width=&#187;100%&#187; max_width=&#187;1280px&#187; custom_margin=&#187;0px||0px||true|false&#187; custom_padding=&#187;|0px|26px||false|false&#187; global_colors_info=&#187;{}&#187;][et_pb_column type=&#187;4_4&#8243; _builder_version=&#187;4.19.4&#8243; _module_preset=&#187;default&#187; global_colors_info=&#187;{}&#187;][et_pb_text disabled_on=&#187;off|off|off&#187; _builder_version=&#187;4.20.2&#8243; _module_preset=&#187;default&#187; custom_margin=&#187;|20px|10px|20px|false|false&#187; custom_padding=&#187;30px||||false|false&#187; global_colors_info=&#187;{}&#187;]<\/p>\n<h2><span data-ccp-props=\"{\" 335559737=\"\" :600=\"\">POEMS FROM INNER SPACE<br \/><\/span>Episode 3: 1+1+1<br \/>PR\u00b7SMA feat. Neue Kurkapelle Baden<span data-ccp-props=\"{\" 335559737=\"\" :600=\"\">\u00a0<\/span><span data-ccp-props=\"{\" 335559737=\"\" :600=\"\"><\/span><\/h2>\n<p><img loading=\"lazy\" decoding=\"async\" src=\"https:\/\/prismakollektiv.ch\/wp-content\/uploads\/2024\/06\/PR\u00b7SMA_Ep3_111_1080x1080.jpg\" width=\"1080\" height=\"1080\" alt=\"\" class=\"wp-image-1441 aligncenter size-full\" srcset=\"https:\/\/prismakollektiv.ch\/wp-content\/uploads\/2024\/06\/PR\u00b7SMA_Ep3_111_1080x1080.jpg 1080w, https:\/\/prismakollektiv.ch\/wp-content\/uploads\/2024\/06\/PR\u00b7SMA_Ep3_111_1080x1080-300x300.jpg 300w, https:\/\/prismakollektiv.ch\/wp-content\/uploads\/2024\/06\/PR\u00b7SMA_Ep3_111_1080x1080-1024x1024.jpg 1024w, https:\/\/prismakollektiv.ch\/wp-content\/uploads\/2024\/06\/PR\u00b7SMA_Ep3_111_1080x1080-150x150.jpg 150w, https:\/\/prismakollektiv.ch\/wp-content\/uploads\/2024\/06\/PR\u00b7SMA_Ep3_111_1080x1080-768x768.jpg 768w, https:\/\/prismakollektiv.ch\/wp-content\/uploads\/2024\/06\/PR\u00b7SMA_Ep3_111_1080x1080-980x980.jpg 980w, https:\/\/prismakollektiv.ch\/wp-content\/uploads\/2024\/06\/PR\u00b7SMA_Ep3_111_1080x1080-480x480.jpg 480w\" sizes=\"(max-width: 1080px) 100vw, 1080px\" \/><\/p>\n<p>[\/et_pb_text][et_pb_text _builder_version=&#187;4.20.2&#8243; _module_preset=&#187;default&#187; custom_margin=&#187;|20px||20px|false|true&#187; custom_padding=&#187;30px||0px||false|false&#187; global_colors_info=&#187;{}&#187;]<\/p>\n<p><span data-contrast=\"none\">Do 24.10.<\/span><span><br \/><\/span><span data-contrast=\"none\">19.30 Uhr Premi\u00e8re<\/span><span><br \/><\/span><\/p>\n<p><span data-contrast=\"none\">Fr 25.10.<\/span><span><br \/><\/span><span data-contrast=\"none\">19.30 Uhr<\/span><span data-ccp-props=\"{\"335559737\":600}\">\u00a0<\/span><\/p>\n<p><span data-contrast=\"none\">Kurtheater Baden<\/span><\/p>\n<p><span data-ccp-props=\"{\"335559737\":600}\"><br \/><\/span><span data-contrast=\"none\">Wer es k\u00f6nnte: den Moment festhalten, r\u00e4umliche Grenzen aufheben, unsere Existenz begreifen. Mit pulsierenden K\u00f6rpern und vibrierenden Kl\u00e4ngen entwirft\u202fPR\u00b7SMA utopische Bilder. Sie er\u00f6ffnen ein Spannungsfeld aus Chaos und Ordnung. Dabei setzt sich das Kollektiv dem Risiko des Kontrollverlustes aus im hehren Versuch, mit dem Publikum eins zu werden.\u202f<\/span><span data-ccp-props=\"{\"134233117\":true,\"134233118\":true,\"335559738\":2,\"335559739\":2}\">\u00a0<\/span><\/p>\n<p><span data-contrast=\"none\">In ihrer dritten Episode gelangt die Trilogie <\/span><i><span data-contrast=\"none\">Poems From Inner Space <\/span><\/i><span data-contrast=\"none\">zum Inneren einer Spirale: Vom Tanzparcours im B\u00e4derquartier (Episode 1, 2022) hin zur Heldenreise durch das Kurtheater (QUEST, 2023) konzentriert sich der Sog nun im B\u00fchnenraum. Hier trifft PR\u00b7SMA auf das Streicher-Trio der Neuen Kurkapelle Baden. Gemeinsam setzen sie das Spiel mit den Parametern der Auff\u00fchrungsk\u00fcnste fort: Im Rampenlicht steht das Rendezvous mit dem Publikum.<\/span><span data-ccp-props=\"{\"134233117\":true,\"134233118\":true,\"335559738\":2,\"335559739\":2}\">\u00a0<\/span><\/p>\n<p><span data-contrast=\"none\">An zwei Wochenenden im Herbst l\u00e4dt PR\u00b7SMA mit dem Format <\/span><i><span data-contrast=\"none\">Offene B\u00fchne<\/span><\/i><span data-contrast=\"none\"> ein, den Kreationsprozess aktiv mitzuerleben und Teil des St\u00fccks zu werden. Neugierige erwartet ein t\u00e4nzerisches Happening auf der grossen B\u00fchne des Kurtheaters.<\/span><span data-ccp-props=\"{\"134233117\":true,\"134233118\":true,\"335559738\":2,\"335559739\":2}\">\u00a0<\/span><\/p>\n<p><span data-contrast=\"auto\">Mit\u202f<\/span><b><span data-contrast=\"auto\">Anna Brugger, Alex Ferro, Luca Magni<\/span><\/b><span data-contrast=\"auto\">,\u202f<\/span><b><span data-contrast=\"auto\">Kristina Honegger, Abraham Iglesias Rodriguez, Nina Maria Richard, Karl Stauber, Elena Morena Weber &#038; ein Bewegungsorchester\u202f<\/span><\/b><span data-ccp-props=\"{}\">\u00a0<\/span><\/p>\n<p><span data-contrast=\"auto\">Konzept\u202f<\/span><b><span data-contrast=\"auto\">Kollektiv PR\u00b7SMA<\/span><\/b><span><br \/><\/span><span data-contrast=\"auto\">Choreografie\u202f<\/span><b><span data-contrast=\"auto\">Elena Morena Weber<\/span><\/b><span><br \/><\/span><span data-contrast=\"auto\">Komposition\u202f<\/span><b><span data-contrast=\"auto\">Luca Magni<\/span><\/b><span><br \/><\/span><span data-contrast=\"auto\">Komposition f\u00fcr Bewegungsorchester\u202f<\/span><b><span data-contrast=\"auto\">Nina Maria Richard &#038;<\/span><\/b><span data-contrast=\"auto\">\u202f<\/span><b><span data-contrast=\"auto\">Elena Morena Weber<br \/><\/span><\/b><span data-contrast=\"auto\">Co-Konzeption \/ Szenografie \/ Visuelle Kommunikation\u202f<\/span><b><span data-contrast=\"auto\">Demian<\/span><\/b><span data-contrast=\"auto\">\u202f<\/span><b><span data-contrast=\"auto\">Bern<br \/><\/span><\/b>Choreografische Assistenz<b><span data-contrast=\"auto\">\u00a0Oriana \u201eGlory\u201c Zeoli<br \/><\/span><\/b>Kost\u00fcm<b><span data-contrast=\"auto\">\u00a0Laura Yoro<\/span><\/b><span><br \/><\/span><span data-contrast=\"auto\">In Kooperation mit\u202f<\/span><b><span data-contrast=\"auto\">EXP.edition\u202f<\/span><\/b><span data-contrast=\"auto\">und<\/span><b><span data-contrast=\"auto\">\u202fNeue Kurkapelle Baden (K\u00fcnstlerische Leitung: Jonas Ehrler)<\/span><\/b><span><br \/><\/span><span data-contrast=\"auto\">Koproduktion\u202f<\/span><b><span data-contrast=\"auto\">Kurtheater Baden<\/span><\/b><span><br \/><\/span><span data-contrast=\"auto\">Unterst\u00fctzt von\u202f<\/span><b><span data-contrast=\"auto\">Aargauer Kuratorium, Ernst G\u00f6hner Stiftung, Stiftung Lebensraum Aargau<\/span><\/b><span data-ccp-props=\"{}\">\u00a0<\/span><\/p>\n<p>[\/et_pb_text][\/et_pb_column][\/et_pb_row][\/et_pb_section][et_pb_section fb_built=&#187;1&#8243; _builder_version=&#187;4.20.2&#8243; _module_preset=&#187;default&#187; custom_margin=&#187;0px||0px||true|false&#187; custom_padding=&#187;0px||0px||true|false&#187; collapsed=&#187;off&#187; global_colors_info=&#187;{}&#187;][et_pb_row _builder_version=&#187;4.20.2&#8243; _module_preset=&#187;default&#187; width=&#187;100%&#187; max_width=&#187;1280px&#187; custom_margin=&#187;||0px||false|false&#187; custom_padding=&#187;||0px||false|false&#187; border_width_bottom=&#187;3px&#187; global_colors_info=&#187;{}&#187;][et_pb_column type=&#187;4_4&#8243; _builder_version=&#187;4.17.6&#8243; _module_preset=&#187;default&#187; global_colors_info=&#187;{}&#187;][et_pb_text _builder_version=&#187;4.20.2&#8243; _module_preset=&#187;default&#187; custom_margin=&#187;24px||0px|24px|false|false&#187; custom_padding=&#187;||||false|false&#187; global_colors_info=&#187;{}&#187;]<\/p>\n<h1>KONTAKT<\/h1>\n<p>[\/et_pb_text][\/et_pb_column][\/et_pb_row][et_pb_row column_structure=&#187;1_2,1_2&#8243; module_id=&#187;kontakt&#187; _builder_version=&#187;4.20.2&#8243; _module_preset=&#187;default&#187; width=&#187;100%&#187; max_width=&#187;1280px&#187; collapsed=&#187;off&#187; global_colors_info=&#187;{}&#187;][et_pb_column type=&#187;1_2&#8243; _builder_version=&#187;4.17.6&#8243; _module_preset=&#187;default&#187; global_colors_info=&#187;{}&#187;][et_pb_signup mailchimp_list=&#187;Info Prisma Kollektiv|0798ad7ed8&#8243; layout=&#187;top_bottom&#187; first_name_fullwidth=&#187;off&#187; last_name_fullwidth=&#187;off&#187; title=&#187;Wir freuen uns, Sie \u00fcber unsere Aktivit\u00e4ten zu informieren. Anmeldung f\u00fcr den PR\u00b7SMA Newsletter hier:&#187; _builder_version=&#187;4.19.4&#8243; _module_preset=&#187;default&#187; form_field_focus_background_color=&#187;#FFFFFF&#187; header_font=&#187;|300|||||||&#187; header_text_align=&#187;left&#187; use_background_color=&#187;off&#187; custom_button=&#187;on&#187; button_text_color=&#187;#000000&#8243; button_border_color=&#187;#000000&#8243; background_layout=&#187;light&#187; width=&#187;92%&#187; width_tablet=&#187;92%&#187; width_phone=&#187;92%&#187; width_last_edited=&#187;on|desktop&#187; max_width=&#187;1280px&#187; module_alignment=&#187;center&#187; custom_margin=&#187;10px|||0px|false|false&#187; custom_padding=&#187;|||0px|false|false&#187; border_color_all=&#187;RGBA(255,255,255,0)&#187; border_width_all_fields=&#187;1px&#187; global_colors_info=&#187;{}&#187;][\/et_pb_signup][\/et_pb_column][et_pb_column type=&#187;1_2&#8243; _builder_version=&#187;4.17.6&#8243; _module_preset=&#187;default&#187; global_colors_info=&#187;{}&#187;][et_pb_text _builder_version=&#187;4.19.4&#8243; _module_preset=&#187;default&#187; custom_margin=&#187;10px|||20px|false|false&#187; custom_padding=&#187;||||false|false&#187; global_colors_info=&#187;{}&#187;]<\/p>\n<p style=\"text-align: left;\"><span>info[at]prismakollektiv.ch<\/span><\/p>\n<p>[\/et_pb_text][et_pb_text _builder_version=&#187;4.19.4&#8243; _module_preset=&#187;default&#187; custom_margin=&#187;|||20px|false|false&#187; custom_padding=&#187;||||false|false&#187; global_colors_info=&#187;{}&#187;]<\/p>\n<h1><a href=\"https:\/\/www.instagram.com\/prismakollektiv\/\" target=\"_blank\" rel=\"noopener\"><img loading=\"lazy\" decoding=\"async\" src=\"https:\/\/prismakollektiv.ch\/wp-content\/uploads\/2023\/03\/instaArtboard-1-100-e1680161277565.jpg\" width=\"25\" height=\"25\" alt=\"\" class=\"wp-image-1085 alignleft size-full\" \/><\/a><a href=\"https:\/\/www.facebook.com\/prismakollektiv\" target=\"_blank\" rel=\"noopener\"><img loading=\"lazy\" decoding=\"async\" src=\"https:\/\/prismakollektiv.ch\/wp-content\/uploads\/2023\/03\/Artboard-1-100-e1680161300875.jpg\" width=\"25\" height=\"25\" alt=\"\" class=\"wp-image-1084 alignleft size-full\" \/><\/a><a href=\"https:\/\/vimeo.com\/user165239940\" target=\"_blank\" rel=\"noopener\"><img loading=\"lazy\" decoding=\"async\" src=\"https:\/\/prismakollektiv.ch\/wp-content\/uploads\/2023\/03\/vimeoArtboard-1-100-e1680161260532.jpg\" width=\"25\" height=\"25\" alt=\"\" class=\"wp-image-1086 alignleft size-full\" \/><\/a><\/h1>\n<p>[\/et_pb_text][\/et_pb_column][\/et_pb_row][\/et_pb_section]<\/p>\n","protected":false},"excerpt":{"rendered":"<p>Symbiosen von Tanz und Klang Impressionen\u00a0aus\u00a01+1+1 POEMS FROM INNER SPACEEpisode 3: 1+1+1PR\u00b7SMA feat. Neue Kurkapelle Baden\u00a0 Do 24.10.19.30 Uhr Premi\u00e8re Fr 25.10.19.30 Uhr\u00a0 Kurtheater Baden Wer es k\u00f6nnte: den Moment festhalten, r\u00e4umliche Grenzen aufheben, unsere Existenz begreifen. Mit pulsierenden K\u00f6rpern und vibrierenden Kl\u00e4ngen entwirft\u202fPR\u00b7SMA utopische Bilder. Sie er\u00f6ffnen ein Spannungsfeld aus Chaos und Ordnung. Dabei [&hellip;]<\/p>\n","protected":false},"author":1,"featured_media":0,"parent":0,"menu_order":0,"comment_status":"closed","ping_status":"closed","template":"","meta":{"_et_pb_use_builder":"on","_et_pb_old_content":"","_et_gb_content_width":"","footnotes":""},"class_list":["post-1519","page","type-page","status-publish","hentry"],"_links":{"self":[{"href":"https:\/\/prismakollektiv.ch\/index.php\/wp-json\/wp\/v2\/pages\/1519","targetHints":{"allow":["GET"]}}],"collection":[{"href":"https:\/\/prismakollektiv.ch\/index.php\/wp-json\/wp\/v2\/pages"}],"about":[{"href":"https:\/\/prismakollektiv.ch\/index.php\/wp-json\/wp\/v2\/types\/page"}],"author":[{"embeddable":true,"href":"https:\/\/prismakollektiv.ch\/index.php\/wp-json\/wp\/v2\/users\/1"}],"replies":[{"embeddable":true,"href":"https:\/\/prismakollektiv.ch\/index.php\/wp-json\/wp\/v2\/comments?post=1519"}],"version-history":[{"count":4,"href":"https:\/\/prismakollektiv.ch\/index.php\/wp-json\/wp\/v2\/pages\/1519\/revisions"}],"predecessor-version":[{"id":1572,"href":"https:\/\/prismakollektiv.ch\/index.php\/wp-json\/wp\/v2\/pages\/1519\/revisions\/1572"}],"wp:attachment":[{"href":"https:\/\/prismakollektiv.ch\/index.php\/wp-json\/wp\/v2\/media?parent=1519"}],"curies":[{"name":"wp","href":"https:\/\/api.w.org\/{rel}","templated":true}]}}